2 - 2175 - (1 - -11).
-45
Evaluate (-12 + 11 - -6) + (-21 - -30 - 61).
-47
Calculate -13 - (-6 + (52 - 48)) - 96.
-107
Calculate (29 - 17) + -7 + (-19 - (-1 + 9)).
-22
-79 - (-226 - (-13 - 65))
69
What is -97 + 1 - (-207 - (-278 - -50))?
-117
Evaluate (11 + -1 - 11) + -13 - (-18 + 10).
-6
-11801 + 11678 + (18 - (1 + 0 + 0))
-106
17 - (-7 - (2 + 13 + -15 + -99))
-75
Evaluate (-4 - (-15 - 2) - ((-2 - -16) + 8)) + 34.
25
What is (9 - 2) + 6 + -88 + 97?
22
What is (19 + -6 - 12) + -6 + -9 + 4?
-10
Evaluate (-17 - (3 + -44 + -29 + 41)) + -47 + 1.
-34
Evaluate -8 + (-42 - -76 - -84) - (10 - 1).
101
Evaluate 2 + (-6 + -16 + -10 + -31 - -6).
-55
What is the value of -6 + ((-28 - -28) + -77 - -11)?
-72
What is the value of (11 - (3 - -32)) + 46 - (-6 + 5 + -3)?
26
What is -18 + (5 - ((3 - 14) + (-27 - -40)))?
-15
Evaluate (-20 - (-34 + 15)) + 36 + -121.
-86
-11 - ((14 - (36 + 10 + -21)) + -24)
24
What is the value of -34 - (30 + 28 + -11 + 0)?
-81
What is the value of 16 - (11 + -5) - (35 - (13 - (9 - -16)))?
-37
7 + -1 + (2 + -4 - (-1074 - -1035))
43
What is -35 + (1 - 16 - (21 - (-67 + 102)))?
-36
Calculate 24 + -47 + (-5 + 4 - -2).
-22
What is (-156 - -121) + 6 + 12?
-17
Calculate -118 + 5 + 18 + 13 + (5 - 5).
-82
Calculate 57 + (-10 - (3 - 6)) - (-111 + 106).
55
-37 - ((-46 - -19) + 1)
-11
What is the value of (0 - 1 - 0 - 0) + -499780 + 499804?
23
1 - (2 + 1) - (78 + -48 - (8 - 10))
-34
What is the value of 29 - -22 - (-18 - -73)?
-4
What is -7 + (-12 + -15 + 26 + 5 - (-44 + 0))?
41
What is the value of 1 + -3 + 2 - (5 + 10 + -38 + 1)?
22
What is (-2 - 126 - -264) + -58?
78
What is 43 - -1 - (-258 + -178 + 407)?
73
Calculate (78 - (116 - 46)) + -5 + 4 + 1 + 32.
40
Evaluate 48 + (-38 - -48) + -62.
-4
Evaluate 15 + (32 + -19 + -4 - 25).
-1
Evaluate 39 + (4 - ((-3 - -5) + (-4 - -15))).
30
What is the value of -127 + 80 + -21 + (1 - -15)?
-52
Calculate 47 - -2 - (-1078 - -1153).
-26
What is -68 + (2 - -5) + (-13 - (7 + -15))?
-66
What is the value of 3036 - 3073 - (68 - -2)?
-107
What is -3 + -8 + (1 - (-12 + -5))?
7
Evaluate 22 + (108 - (35 + 32)).
63
What is the value of (-36 - -2) + -36 + 33?
-37
-33 - (-19 - -42 - -36)
-92
Calculate (-53 - -35) + (2 - (2 - 2)).
-16
Evaluate 0 + 17 + 10 - (24 + -7 - 4).
14
What is -10 + (33 - (-28 - -15))?
36
What is the value of -422 + 434 + 25 + -164?
-127
What is the value of 23 - (-10 - (11 + -2 - (77 - 47)))?
12
1 + -4 + (8 - 2 - (-49 - -13 - -54))
-15
What is the value of -4 - (1 + 0 - -15 - (-104 - -129))?
5
Calculate (-60 - 22) + 78 + -16.
-20
Calculate 49 + (35 - 121) + 65.
28
What is 1192 + -1192 - ((-15 - -10) + 5 + -32 + -1)?
33
Evaluate (1 - 12) + -68 + 70 + 0.
-9
Evaluate -7 + (11 - (10 + (7 - 14))) - (-71 - 3).
75
(67 - (-42 - -89)) + (1 - 77)
-56
Calculate -41 + -2 + 0 - (44 - (-19 + 72)).
-34
Calculate (8 + 24 - 20 - (4 - 0)) + -13.
-5
-1 + (4 + (-13 - -3) - (-12 + 6))
-1
What is -12 + 2 - (0 - 17) - 42 - -6?
-29
What is -89 + (-6 - (-18 - 12)) + 9?
-56
What is the value of (28 + -71 - -30) + 129 + -32?
84
What is (53 + -81 - (-4 - 6)) + -13?
-31
What is -67 + -41 + 8 + (17 - 8) + 2 + -1?
-90
Evaluate 70 + (-71 - 19) + 65.
45
(-53 - 12) + -14 - (-35 + -3)
-41
Calculate -33 - -1 - (-55 - -151 - 91 - (-2 + -3)).
-42
What is -19 + 6 + (-10 - -4) + 28 + 5?
14
Evaluate (-28 - (-12 - 19) - -1) + (34 + 1 - 2).
37
Evaluate 13 - (16 + 20 + -51 + -2).
30
What is -9 + (42 - (63 + -22))?
-8
Calculate 141 + -81 + -124 - 32.
-96
What is the value of -1 + -1 + -1 + (-6 + 18 - 7)?
2
What is -3 + (18 - 12 - -2) + -14 + 34?
25
Calculate -2 + 1 + -10 + 0 + 40.
29
26 + -10 + -5 + 66 + -27
50
What is (29 - 87) + 119 - 117?
-56
Calculate -73 + -1 - (-516 + 488).
-46
Calculate (46 - (40 + -50)) + -66.
-10
-90 - (-18 - (-8 + -22)) - -20
-82
Calculate 0 + -53 - (887 + -871 + -13 + (-3 - -2)).
-55
-8 + 8 + -18 + 25 + -8 - 78
-79
What is the value of -237 - (111 + -338 + 115)?
-125
What is 46 - (5 - (-12 + 15 + -12)) - 13?
19
6 + ((-5 + 5 - 2) + 7 - (329 - 433))
115
What is -28 + (34 + -46 - -33)?
-7
What is the value of -4 - 14 - ((-15 - -22) + 10)?
-35
Calculate 61 - (19 + 82) - 92.
-132
What is (148 - 261 - -123) + -75 + 1?
-64
Calculate (11 - (28 - 156)) + -256.
-117
Evaluate (-9 - (-3 - -4)) + 2 + 2572 + -2559 + 34.
39
Calculate (142 - 147) + (22 - (-26 - -35)).
8
What is the value of 75 + 1 + (-4 - -2 - (-14 - (64 - 78)))?
74
What is the value of 0 + 18 + (-3228 - -3232)?
22
What is 6 + -8 + -13 + 20 + -4?
1
Calculate -15 + (53 - (49 + 1)).
-12
Evaluate -1 + (-9 - -95) + 0 + -1 + (-3 - -4).
85
What is the value of 0 + -10 - (-24 - -8) - 13 - -43?
36
Evaluate 9 - -7 - (0 + 5 - (-1 + 7 + -2)).
15
-5 + 71 + -41 - (13 + (0 - 1))
13
Evaluate 65 - (-5 + 3) - ((-8 - (25 + -6)) + 34).
60
1 - -187 - (-19274 + 19405)
57
What is -21 - (3 + 61) - (26 - 6) - -14?
-91
What is the value of -120 + 233 - 93 - (-2 + 6 - 72)?
88
Calculate 7 + -5 - (1 + 12 + (-39 - -35)).
-7
23 - -13 - 22 - (-101 + 63)
52
What is 75 + (27 + -294 - -86)?
-106
-451 - -431 - (-3 - -9)
-26
50 - (-18 + -30 + 136)
-38
Evaluate 26 + 16 - (-268 - -289).
21
Evaluate -67 + (-179 + 170 - (2 + 0)) + 5 + -20.
-93
-2 + (-12 - -13) + 3 + 4 - 6 - 5
-5
What is the value of (-1 - -1) + (1 + 35 - 90) + (0 - -9)?
-45
4 + -76 + (3 - 18 - (-121 - -108) - 1)
-75
10 - (-28 + 6 + 5 + -33 + 0)
60
What is the value of (41 - (108 - 23)) + (6 - -9)?
-29
Calculate -6 + (-48 - (38 + -88)).
-4
Calculate -68 + 38 + 21 + (-23 - -34).
2
(-18 - -1) + 171 + -208 - -22
-32
Calculate 58 + -81 + 78 + -9.
46
Evaluate -22 + 1 + -149 + (8 - -107).
-55
What is the value of -141 + 155 - 11 - ((2 - 0) + 119)?
-118
What is -65 - (-76 - -72 - 80)?
19
What is (-45 - 2) + -1 - (-55149 + 55137)?
-36
What is (0 - 11) + (15 + 0 - ((2 - -8) + 12))?
-18
(84 - (11 - -19)) + -15
39
2 - ((12 - (-11 - -20)) + -18 + 19 + 2)
-4
1266 + -1342 - (-14 - -59)
-121
Evaluate 72 - (52 - (45 - 52)).
13
Calculate 22 - 112 - (28 - 60).
-58
What is the value of 5 + 130 + -264 + 91?
-38
What is the value of 13 - (-14 + 48) - (15 - 11)?
-25
Calculate 22 - (19 - (11 + -4 - 33)).
-23
Calculate -1 + 91 + (477 + -477 - (2 - 7)).
95
What is the value of -10 + (-2 + (-4 - -2) + -4 - 0) + 0?
-18
Evaluate -4 + 28 + -236 + 246 - -1.
35
Calculate (16 - 1 - (205 - 293)) + -37.
66
What is (5 - -11) + -166 + 157 + 22 + -2?
27
Calculate -1193 - -1149 - (-58 - -2).
12
What is (107 + -63 - 26) + 35?
53
Calculate -83 - (82 - (-21 + 186)).
0
Evaluate -19 + (-138 + 11 - (-1 + -37)).
-108
Evaluate 282 - 217 - (4 - -55).
6
Calculate -12 - (18 - (12 + -11) - 94).
65
What is the value of -7 - (-1 - 16) - ((0 - -19) + (-599 - -476))?
114
What is 58 + (-2 - 1) + (-15 - -22) + -7 + 4?
59
What is 0 + (17 - 2 - 59) + 17?
-27
Calculate -268 - -1 - (-1319 + 1185).
-133
Evaluate 106 + -14 + -95 - -98.
95
0 - ((-61 - -25) + -2)
38
What is -1 + (-90 - -38) + 41?
-12
What is the value of -9 - -12 - (-109 + 5 + -9 + 13)?
103
Calculate -29 + 7 + -11 + 14 + 46.
27
Evaluate (-1 - (-2 + 21 + 1 + 8)) + (-6 - -13).
-22
Calculate (-143 - (50 + -122)) + 2.
-69
What is the value of 11 - (64 + 1 + -19 + (32 - 18))?
-49
-10 + -59 + -73 + 150
8
What is the value of (66 - 0) + -111 + -19?
-64
Calculate 16 + -164 + (8 - (16 + -10 + -9)).
-137
(3 - 67) + (20 + -44 + 11 - (-1 - 13))
-63
What is (0 - -23) + 180 + -192 + 11?
22
Evaluate 4 + -1 + -15 + (40 - (-73 - -99)).
2
0 - 20 - (103 - (130 - -38))
45
(-2 - (2 - 14)) + 72 + -84 + 14 - 0
12
What is (-2 - (-4 - 10) - 32 - -83) + (5 - 4)?
64
Calculate -10 + (5 - -22) + (-39 - 43) + -22.
-87
What is (-6 - -9) + 8 - (-14 + (184 - 40))?
-119
Calculate 11 - ((7 - (-2 + -3 + 7)) + 1).
5
What is (1390 - 1341) + -2 + (5 - (-1 + -14))?
67
What is (1 - (-1 + 9)) + (155 - (178 + -57))?
27
Calculate (13 - 8 - (9 + -15 + 10)) + 44.
45
What is (27 - -5 - 39) + 1 + 4 + (7 - -3)?
8
Calculate (56 - -93) + -12 - 74.
63
Calculate -5 + (-13 - 16) + (-7 - (-10 + 4)).
-35
Evaluate (-47 - (-94 + (-10 - -32))) + 68.
93
Calculate 110 - (66 + 8 + -49).
85
What is 32 + 0 + 8 + -6 + (27 - 12) + -26?
23
What is the value of 17 + 0 + (-18 - -1) - (-1 - 66)?
67
-114 - (-94 - 10 - -33)
-43
(23 + 19 - 15 - 23) + -78
-74
-18 + (-22 - (-21 - 22) - 2)
1
Evaluate (-23 - 11 - (-30 - 0)) + 20.
16
Evaluate -13 + 82 + -77 - -2.
-6
Calculate -288 - -299 - (-5 + (-2 